 5*g - 88 = 3*g. Let j = g + -37. Suppose -j*b + 3 = -4*b. What is the highest common factor of b and 13?
1
Suppose j - 3*j - 8 = 4*g, 4*j + 6 = 2*g. Let p(n) = 4*n**2 - 2. Let m be p(j). Suppose 6*r = 5*r + m. Calculate the highest common divisor of r and 112.
14
Suppose 4*t - 1748 = 1372. Let y = t - 690. Calculate the greatest common factor of 54 and y.
18
Suppose 0 = 5*r + p - 305, 3*r = 10*p - 7*p + 165. What is the highest common factor of r and 5052?
12
Suppose -131478 = 78*p - 487158. Calculate the highest common factor of 90 and p.
30
Let m(p) = -5*p**3 + 2*p**2 + 6*p - 1. Let g = 13 + -10. Let a be m(g). Let k be (6/4)/((-10)/a). What is the highest common divisor of k and 60?
15
Let c be 8 - 1 - (-782)/34. Let m = 259 - 249. What is the greatest common factor of m and c?
10
Suppose -8969*n + 8929*n = -71280. What is the greatest common factor of n and 550?
22
Suppose -3*q = 3*t - 0*q - 69, 5*q = -5. Suppose t*b = 23*b + 143. Calculate the highest common divisor of 22 and b.
11
Let u(i) = -929*i + 5651. Let d be u(6). Calculate the greatest common factor of d and 917.
7
Let a = -3533 - -3845. Calculate the highest common factor of a and 1131.
39
Let s = 72 - 68. Suppose 8 = -4*j, 2*v + 168 = -2*v + s*j. Let f = v + 66. Calculate the greatest common divisor of f and 55.
11
Suppose 2*u = p + 229, 3*p = 3*u + u - 459. Let r = -46 + u. Let y(i) = 153*i - 4947. Let v be y(33). Calculate the highest common divisor of v and r.
34
Let a be 9 + -1*(1 + -1). Suppose -5*p = -2*u - 348, -4*p + 318 = -33*u + 38*u. What is the highest common divisor of a and p?
9
Suppose 0 = 3*s + 20*s - 19402 - 8543. What is the greatest common divisor of s and 255?
15
Let l(p) = -p**3 - 19*p**2 - 15*p + 18. Let n be l(-19). Let h = n + -182. Calculate the highest common divisor of h and 22.
11
Suppose -3*j + 2*c + 33 = -c, -2*j - c = -16. Suppose n + 28022 = 28024. Calculate the greatest common factor of j and n.
1
Let m = -33271 - -33302. What is the highest common divisor of m and 12059?
31
Suppose 12593 = 12*u - 5*u. Suppose 9982 = 21*b - u. What is the greatest common factor of 51 and b?
51
Let w(y) = -y + 1. Suppose 2*k + 2*k - 8 = q, -3*q - 2*k = -18. Let s be (5 - q) + -2 - 26. Let j be w(s). What is the greatest common divisor of 28 and j?
28
Let w(m) = -2*m**3 + 100*m**2 - 112*m + 145. Let r be w(45). Calculate the greatest common factor of r and 74.
37
Suppose -9360 = -27*v - 4*v - 149*v. Calculate the greatest common divisor of v and 22516.
52
Let d be (-12)/(-6*12/306). What is the greatest common factor of d and 1955?
17
Suppose -14 = -q - 100. Let l = q - -91. Suppose 5*o - 28 = 72. What is the greatest common divisor of o and l?
5
Let b = -453 + 450. Let c be (18 + -1)*(9 - (-1 - b)). What is the highest common factor of 34 and c?
17
Suppose -2*v + 3*v + 13*v - 1890 = 0. What is the greatest common divisor of 4 and v?
1
Let k be (-15 + 11)/((-8)/608). What is the highest common divisor of 1197 and k?
19
Let d be (1 - 8880)/((-16)/(-720)*-15). Calculate the greatest common divisor of d and 39.
39
Let f(z) = -z + 2. Let k be f(4). Let m be (12/12)/(k/(-340)). Let l = m - 98. What is the highest common factor of 9 and l?
9
Let d = 45 + -42. Let f = 51 - d. Let l be 80/12*4/(f/45). What is the highest common factor of l and 15?
5
Let m be 33462/(-3432)*((-2)/2 - 11). What is the greatest common factor of m and 2509?
13
Let f(c) = 7*c + 4. Let h be f(8). Suppose -224*g + 35 = -229*g, 0 = -3*j + 4*g + 163. Calculate the highest common factor of j and h.
15
Suppose 77*t = 84*t - 749. Let v = t + -91. What is the greatest common divisor of 128 and v?
16
Suppose 0 = 4*z - j - 16, -5*z + 2 = j - 9. Suppose -z*k = -3 - 12, -l = k - 7. Suppose l*o = 5*o - 57. Calculate the greatest common divisor of o and 209.
19
Let v = 83 + -33. Let h be (-4)/(-10) - ((-7380)/v + 4). Let x(a) = -a**2 + 18. Let g be x(0). What is the highest common factor of g and h?
18
Let u(c) = -c**2 - 17*c + 2. Let v(h) = 3*h + 4. Let z be v(-1). Let l be (85/10)/(z/(-2)). Let j be u(l). What is the greatest common factor of j and 1?
1
Let q = -4243 - -4249. Calculate the highest common factor of 18684 and q.
6
Let n(d) = d**2 - 35*d + 129. Let m be n(31). Suppose 5*u + m*q - 230 = 0, 19*u = 16*u + 2*q + 138. Calculate the greatest common factor of u and 230.
46
Let c(y) = 4*y**2 + 10*y + 282. Let x be c(-13). What is the greatest common factor of x and 2116?
92
Suppose -4*p - 6*m = -2390, 2453 = 96*p - 92*p - 3*m. What is the greatest common divisor of 544 and p?
32
Let c be (156408/126)/((-2)/(-3)). Suppose 4*q - g = 1905, -528 = -5*q + 3*g + c. Calculate the greatest common factor of q and 19.
19
Let c be (-76)/(-2)*2479/74. Let n = 1823 - c. Calculate the highest common factor of n and 22.
22
Suppose 5*l = -2*t + 39, -6*l + l = -15. Calculate the greatest common divisor of 33 and t.
3
Let w = 7271 - 4548. What is the greatest common factor of w and 14?
7
Suppose 2*m + 389 = o, 380 = 2*o + m - 363. What is the greatest common factor of 3225 and o?
75
Let z(g) = -328*g**3 - 4*g**2 + 2*g + 1. Let t be z(1). Let o = t + 361. What is the greatest common factor of o and 40?
8
Let s be (3311/99)/(60/144) - (-36)/(-135). Let o = 138 + 142. Calculate the highest common divisor of s and o.
40
Let q be -2 - ((-6)/(-21) + (-74)/14). Let a(n) = 21*n - 59. Let d be a(q). Calculate the highest common factor of d and 108.
4
Suppose -51 = -3*y + 8*b - 3*b, 0 = 4*y + b - 45. Suppose -81*a + 2*m - 512 = -86*a, -m = a - 103. Calculate the greatest common factor of a and y.
6
Let j(h) = 3*h**3 - 16*h**2 + 16*h + 150. Let i be j(0). Suppose 0 = -a - 66 + 266. What is the greatest common factor of i and a?
50
Suppose -163415 = 41*g - 181*g - 21*g. What is the greatest common divisor of 175 and g?
35
Suppose 5*i - 5*p = 45, -3*p - 14 = -4*i + 18. Suppose -i*f + 125 = 2*g + g, 3*g - 2*f = 118. What is the highest common factor of g and 32?
8
Let m = -9 - -19. Suppose -20 = -2*q - 3*q. Let p be q*(-3)/18*-9. What is the highest common factor of p and m?
2
Let c be 3 + -16 - (-6)/3. Let n(p) = p**2 - 11*p - 53. Let q be n(c). Let j(w) = 5*w + 2. Let h be j(5). What is the greatest common factor of h and q?
27
Let d be 18/(25/10 + -1). Let b(u) = u + 1. Let h be b(-1). Suppose c + 3*t - 15 = 0, -5*t + 65 = -h*c + 5*c. What is the highest common factor of c and d?
12
Let d(h) = 9*h**2 - 15*h - 634. Let k be d(-23). Calculate the highest common factor of 156 and k.
52
Suppose 16*a - 4147 - 141 = 0. Calculate the highest common factor of 20 and a.
4
Suppose -6*t = -t - 45. Suppose 4*i = -16 + 264. Let f = i + 28. What is the greatest common factor of f and t?
9
Let c = -54 + 65. Let z(n) = 0 - 2 - c + 10*n - 3. Let s be z(5). Calculate the highest common divisor of s and 51.
17
Let r = 35036 + 39301. Calculate the greatest common divisor of 213 and r.
213
Let k = -51 - -77. Let x(i) = i**2 - 29*i + 31. Let q be x(k). Let r = -35 - q. Calculate the greatest common divisor of r and 4.
4
Suppose -25*r - 14 + 289 = 0. Suppose -15 = -r*h + 7. Calculate the greatest common divisor of 3 and h.
1
Suppose 0 = 6*o + 3988 - 4036. Suppose -5*r = 3*q + 35, -5*r - 8 + 3 = -3*q. Let l be (-2130)/(-24) + 3/r. What is the highest common divisor of o and l?
8
Suppose 0 = -9*h - 4 + 22. Let b be (h + -3)*(-7 - 40). What is the greatest common divisor of b and 752?
47
Let w(n) = -25*n + 10. Let v be w(-4). Let h be 6/7 + 5092/266. Calculate the greatest common divisor of v and h.
10
Let j(b) = 16*b + 745. Let h be j(-46). What is the greatest common factor of 4068 and h?
9
Let n(d) = d**3 + 34*d**2 + 162*d + 211. Let q be n(-18). What is the highest common factor of q and 201?
67
Let x(r) = -11*r**2 - 610*r + 429. Let c be x(-55). What is the greatest common divisor of c and 1536?
64
Let u = 3015 + -2645. Calculate the greatest common divisor of 222 and u.
74
Let c(o) = -3*o**2 + 30*o - 65. Let n(t) = 2. Let a(h) = -c(h) - 3*n(h). Let m be a(2). Calculate the highest common divisor of 8 and m.
1
Suppose 362 = -3*o + 4*m + 36993, 3*m + 73272 = 6*o. Calculate the greatest common divisor of 177 and o.
177
Let t = -52 + 76. Suppose -3*k - t = -4*k. Let a = k - 20. What is the highest common divisor of 44 and a?
4
Let k be 8239/28 + 